{"id":10,"date":"2025-03-19T21:47:55","date_gmt":"2025-03-19T20:47:55","guid":{"rendered":"https:\/\/imprimer.art.kattnig-peintures.fr\/?page_id=10"},"modified":"2025-03-30T19:32:56","modified_gmt":"2025-03-30T17:32:56","slug":"accueil","status":"publish","type":"page","link":"https:\/\/imprimer.art.kattnig-peintures.fr\/","title":{"rendered":"Accueil"},"content":{"rendered":"\n<div class=\"wp-block-group alignwide alignfull is-content-justification-center\" style=\"margin-top:0;margin-bottom:0;padding-top:calc( 0.5 * var(--wp--style--root--padding-right, var(--wp--custom--gap--horizontal)));padding-right:var(--wp--style--root--padding-right, var(--wp--custom--gap--horizontal));padding-bottom:calc( 0.5 * var(--wp--style--root--padding-right, var(--wp--custom--gap--horizontal)));padding-left:var(--wp--style--root--padding-left, var(--wp--custom--gap--horizontal))\"><div class=\"wp-block-group__inner-container is-layout-constrained wp-container-core-group-is-layout-b073b61b wp-block-group-is-layout-constrained\">\n<div style=\"height:calc( 0.25 * var(--wp--style--root--padding-right, var(--wp--custom--gap--horizontal)))\" aria-hidden=\"true\" class=\"wp-block-spacer\"><\/div>\n\n\n\n<div class=\"wp-block-columns alignwide is-layout-flex wp-container-core-columns-is-layout-6aa4370a wp-block-columns-is-layout-flex\">\n<div class=\"wp-block-column is-vertically-aligned-center is-content-justification-left is-layout-constrained wp-container-core-column-is-layout-1c92c9cf wp-block-column-is-layout-constrained\" style=\"flex-basis:40%\">\n<h2 class=\"wp-block-heading\">Impression num\u00e9rique d&rsquo;oeuvre d&rsquo;art sur toile.<\/h2>\n\n\n\n<p>Naviguer sur le site et d\u00e9couvrez l&rsquo;univers de cr\u00e9ation de Bruno Kattnig au travers de ses oeuvres num\u00e9riques qui ouvrent un large champs d&rsquo;expression, faites des choix qui vous ouvrent la voie vers l\u2019extraordinaire, exigeant cr\u00e9ativit\u00e9, curiosit\u00e9 et courage pour un parcours de vie vraiment gratifiant.<\/p>\n\n\n\n<div class=\"wp-block-buttons is-layout-flex wp-block-buttons-is-layout-flex\">\n<div class=\"wp-block-button has-custom-font-size is-style-fill\" style=\"font-size:17px\"><a class=\"wp-block-button__link wp-element-button\" style=\"border-width:2px;border-radius:100px\">Galerie ici<\/a><\/div>\n<\/div>\n<\/div>\n\n\n\n<div class=\"wp-block-column is-layout-flow wp-block-column-is-layout-flow\">\n<div class=\"wp-block-columns alignwide is-layout-flex wp-container-core-columns-is-layout-3cc86ecb wp-block-columns-is-layout-flex\">\n<div class=\"wp-block-column is-layout-flow wp-block-column-is-layout-flow\"><div class=\"wp-block-image is-style-default\">\n<figure class=\"aligncenter size-full has-custom-border\"><img loading=\"lazy\" decoding=\"async\" width=\"1200\" height=\"800\" src=\"https:\/\/imprimer.art.kattnig-peintures.fr\/wp-content\/uploads\/2025\/03\/Les-regards-1.jpg\" alt=\"\" class=\"wp-image-178\" style=\"border-width:2px;border-radius:22px\" srcset=\"https:\/\/imprimer.art.kattnig-peintures.fr\/wp-content\/uploads\/2025\/03\/Les-regards-1.jpg 1200w, https:\/\/imprimer.art.kattnig-peintures.fr\/wp-content\/uploads\/2025\/03\/Les-regards-1-300x200.jpg 300w, https:\/\/imprimer.art.kattnig-peintures.fr\/wp-content\/uploads\/2025\/03\/Les-regards-1-1024x683.jpg 1024w, https:\/\/imprimer.art.kattnig-peintures.fr\/wp-content\/uploads\/2025\/03\/Les-regards-1-768x512.jpg 768w, https:\/\/imprimer.art.kattnig-peintures.fr\/wp-content\/uploads\/2025\/03\/Les-regards-1-400x267.jpg 400w\" sizes=\"auto, (max-width: 1200px) 100vw, 1200px\" \/><\/figure>\n<\/div>\n\n\n<figure class=\"wp-block-image size-full has-custom-border is-style-default\"><img loading=\"lazy\" decoding=\"async\" width=\"1200\" height=\"800\" src=\"https:\/\/imprimer.art.kattnig-peintures.fr\/wp-content\/uploads\/2025\/03\/Lucifer-1.jpg\" alt=\"\" class=\"wp-image-180\" style=\"border-width:2px;border-radius:22px\" srcset=\"https:\/\/imprimer.art.kattnig-peintures.fr\/wp-content\/uploads\/2025\/03\/Lucifer-1.jpg 1200w, https:\/\/imprimer.art.kattnig-peintures.fr\/wp-content\/uploads\/2025\/03\/Lucifer-1-300x200.jpg 300w, https:\/\/imprimer.art.kattnig-peintures.fr\/wp-content\/uploads\/2025\/03\/Lucifer-1-1024x683.jpg 1024w, https:\/\/imprimer.art.kattnig-peintures.fr\/wp-content\/uploads\/2025\/03\/Lucifer-1-768x512.jpg 768w, https:\/\/imprimer.art.kattnig-peintures.fr\/wp-content\/uploads\/2025\/03\/Lucifer-1-400x267.jpg 400w\" sizes=\"auto, (max-width: 1200px) 100vw, 1200px\" \/><\/figure>\n<\/div>\n\n\n\n<div class=\"wp-block-column is-layout-flow wp-block-column-is-layout-flow\" style=\"padding-top:0px;padding-bottom:0px\"><div class=\"wp-block-image is-style-default\">\n<figure class=\"aligncenter size-full has-custom-border\"><img loading=\"lazy\" decoding=\"async\" width=\"1200\" height=\"800\" src=\"https:\/\/imprimer.art.kattnig-peintures.fr\/wp-content\/uploads\/2025\/03\/Le-Minotaure-1.jpg\" alt=\"\" class=\"wp-image-179\" style=\"border-width:2px;border-radius:22px\" srcset=\"https:\/\/imprimer.art.kattnig-peintures.fr\/wp-content\/uploads\/2025\/03\/Le-Minotaure-1.jpg 1200w, https:\/\/imprimer.art.kattnig-peintures.fr\/wp-content\/uploads\/2025\/03\/Le-Minotaure-1-300x200.jpg 300w, https:\/\/imprimer.art.kattnig-peintures.fr\/wp-content\/uploads\/2025\/03\/Le-Minotaure-1-1024x683.jpg 1024w, https:\/\/imprimer.art.kattnig-peintures.fr\/wp-content\/uploads\/2025\/03\/Le-Minotaure-1-768x512.jpg 768w, https:\/\/imprimer.art.kattnig-peintures.fr\/wp-content\/uploads\/2025\/03\/Le-Minotaure-1-400x267.jpg 400w\" sizes=\"auto, (max-width: 1200px) 100vw, 1200px\" \/><\/figure>\n<\/div>\n\n\n<figure class=\"wp-block-image size-full has-custom-border is-style-default\"><img loading=\"lazy\" decoding=\"async\" width=\"1200\" height=\"800\" src=\"https:\/\/imprimer.art.kattnig-peintures.fr\/wp-content\/uploads\/2025\/03\/Chevalier-1.jpg\" alt=\"\" class=\"wp-image-182\" style=\"border-width:2px;border-radius:22px\" srcset=\"https:\/\/imprimer.art.kattnig-peintures.fr\/wp-content\/uploads\/2025\/03\/Chevalier-1.jpg 1200w, https:\/\/imprimer.art.kattnig-peintures.fr\/wp-content\/uploads\/2025\/03\/Chevalier-1-300x200.jpg 300w, https:\/\/imprimer.art.kattnig-peintures.fr\/wp-content\/uploads\/2025\/03\/Chevalier-1-1024x683.jpg 1024w, https:\/\/imprimer.art.kattnig-peintures.fr\/wp-content\/uploads\/2025\/03\/Chevalier-1-768x512.jpg 768w, https:\/\/imprimer.art.kattnig-peintures.fr\/wp-content\/uploads\/2025\/03\/Chevalier-1-400x267.jpg 400w\" sizes=\"auto, (max-width: 1200px) 100vw, 1200px\" \/><\/figure>\n<\/div>\n<\/div>\n<\/div>\n<\/div>\n\n\n\n<div style=\"height:calc( 0.25 * var(--wp--style--root--padding-right, var(--wp--custom--gap--horizontal)))\" aria-hidden=\"true\" class=\"wp-block-spacer\"><\/div>\n<\/div><\/div>\n\n\n<style>.kb-row-layout-id10_2fed94-13 > .kt-row-column-wrap{align-content:start;}:where(.kb-row-layout-id10_2fed94-13 > .kt-row-column-wrap) > .wp-block-kadence-column{justify-content:start;}.kb-row-layout-id10_2fed94-13 > .kt-row-column-wrap{column-gap:var(--global-kb-gap-md, 2rem);row-gap:var(--global-kb-gap-md, 2rem);max-width:2000px;margin-left:auto;margin-right:auto;padding-top:var(--global-kb-spacing-sm, 1.5rem);padding-bottom:var(--global-kb-spacing-sm, 1.5rem);grid-template-columns:minmax(0, 1fr);}.kb-row-layout-id10_2fed94-13 > .kt-row-layout-overlay{opacity:0.30;}.kb-row-layout-id10_2fed94-13 .kt-row-layout-top-sep{height:31px;}.kb-row-layout-id10_2fed94-13 .kt-row-layout-top-sep svg{width:100%;}.kb-row-layout-id10_2fed94-13 .kt-row-layout-top-sep svg{fill:#d2d4d4!important;}@media all and (max-width: 1024px){.kb-row-layout-id10_2fed94-13 > .kt-row-column-wrap{grid-template-columns:minmax(0, 1fr);}}@media all and (max-width: 767px){.kb-row-layout-id10_2fed94-13 > .kt-row-column-wrap{grid-template-columns:minmax(0, 1fr);}}<\/style><div class=\"kb-row-layout-wrap kb-row-layout-id10_2fed94-13 aligncenter wp-block-kadence-rowlayout\"><div class=\"kt-row-layout-top-sep kt-row-sep-type-wave\"><svg viewBox=\"0 0 1000 100\" preserveAspectRatio=\"none\"><path d=\"M1000,40c0,0 -120.077,-38.076 -250,-38c-129.923,0.076 -345.105,78 -500,78c-154.895,0 -250,-30 -250,-30l0,50l1000,0l0,-60Z\" \/><\/svg><\/div><div class=\"kt-row-column-wrap kt-has-1-columns kt-row-layout-equal kt-tab-layout-inherit kt-mobile-layout-row kt-row-valign-top\">\n<style>.kadence-column10_970e6a-92 > .kt-inside-inner-col{display:flex;}.kadence-column10_970e6a-92, .wp-block-kadence-column.kb-section-dir-horizontal > .kt-inside-inner-col > .kadence-column10_970e6a-92{flex-grow:102;}.kadence-column10_970e6a-92 > .kt-inside-inner-col{height:100%;}.kadence-column10_970e6a-92 > .kt-inside-inner-col{padding-top:0px;}.kadence-column10_970e6a-92 > .kt-inside-inner-col{min-height:0px;}.kadence-column10_970e6a-92 > .kt-inside-inner-col,.kadence-column10_970e6a-92 > .kt-inside-inner-col:before{border-top-left-radius:0px;border-top-right-radius:0px;border-bottom-right-radius:0px;border-bottom-left-radius:0px;}.kadence-column10_970e6a-92 > .kt-inside-inner-col{column-gap:var(--global-kb-gap-sm, 1rem);}.kadence-column10_970e6a-92 > .kt-inside-inner-col{flex-direction:column-reverse;justify-content:center;align-items:stretch;}.kadence-column10_970e6a-92 > .kt-inside-inner-col > .kb-image-is-ratio-size{align-self:stretch;}.kadence-column10_970e6a-92 > .kt-inside-inner-col > .wp-block-kadence-advancedgallery{align-self:stretch;}.kadence-column10_970e6a-92 > .kt-inside-inner-col > .aligncenter{width:100%;}.kt-row-column-wrap > .kadence-column10_970e6a-92{align-self:center;}.kt-inner-column-height-full:not(.kt-has-1-columns) > .wp-block-kadence-column.kadence-column10_970e6a-92{align-self:auto;}.kt-inner-column-height-full:not(.kt-has-1-columns) > .wp-block-kadence-column.kadence-column10_970e6a-92 > .kt-inside-inner-col{flex-direction:column;justify-content:center;}.kadence-column10_970e6a-92 > .kt-inside-inner-col:before{opacity:0.3;}.kadence-column10_970e6a-92{text-align:center;}.kadence-column10_970e6a-92{position:relative;}@media all and (max-width: 1024px){.kt-row-column-wrap > .kadence-column10_970e6a-92{align-self:center;}}@media all and (max-width: 1024px){.kt-inner-column-height-full:not(.kt-has-1-columns) > .wp-block-kadence-column.kadence-column10_970e6a-92{align-self:auto;}}@media all and (max-width: 1024px){.kt-inner-column-height-full:not(.kt-has-1-columns) > .wp-block-kadence-column.kadence-column10_970e6a-92 > .kt-inside-inner-col{flex-direction:column;justify-content:center;}}@media all and (max-width: 1024px){.kadence-column10_970e6a-92 > .kt-inside-inner-col{flex-direction:column-reverse;justify-content:center;align-items:stretch;}}@media all and (max-width: 767px){.kt-row-column-wrap > .kadence-column10_970e6a-92{align-self:center;}.kt-inner-column-height-full:not(.kt-has-1-columns) > .wp-block-kadence-column.kadence-column10_970e6a-92{align-self:auto;}.kt-inner-column-height-full:not(.kt-has-1-columns) > .wp-block-kadence-column.kadence-column10_970e6a-92 > .kt-inside-inner-col{flex-direction:column;justify-content:center;}.kadence-column10_970e6a-92 > .kt-inside-inner-col{flex-direction:column-reverse;justify-content:center;align-items:stretch;}}<\/style>\n<div class=\"wp-block-kadence-column kadence-column10_970e6a-92 kb-section-dir-vertical-reverse\"><div class=\"kt-inside-inner-col\">\n<h1 class=\"wp-block-heading alignfull has-text-align-center has-larger-font-size\">Impression sur toile d&rsquo;oeuvre num\u00e9rique et t\u00e9l\u00e9chargement de fichiers<\/h1>\n<\/div><\/div>\n\n<\/div><\/div>\n\n<style>.kb-row-layout-id10_2b3e5f-ac > .kt-row-column-wrap{align-content:start;}:where(.kb-row-layout-id10_2b3e5f-ac > .kt-row-column-wrap) > .wp-block-kadence-column{justify-content:start;}.kb-row-layout-id10_2b3e5f-ac > .kt-row-column-wrap{column-gap:var(--global-kb-gap-sm, 1rem);row-gap:var(--global-kb-gap-md, 2rem);padding-top:var(--global-kb-spacing-sm, 1.5rem);padding-bottom:var(--global-kb-spacing-sm, 1.5rem);}.kb-row-layout-id10_2b3e5f-ac > .kt-row-column-wrap > div:not(.added-for-specificity){grid-column:initial;}.kb-row-layout-id10_2b3e5f-ac > .kt-row-column-wrap{grid-template-columns:repeat(3, minmax(0, 1fr));}.kb-row-layout-id10_2b3e5f-ac > .kt-row-layout-overlay{opacity:0.30;}@media all and (max-width: 1024px){.kb-row-layout-id10_2b3e5f-ac > .kt-row-column-wrap > div:not(.added-for-specificity){grid-column:initial;}}@media all and (max-width: 1024px){.kb-row-layout-id10_2b3e5f-ac > .kt-row-column-wrap{grid-template-columns:repeat(3, minmax(0, 1fr));}}@media all and (max-width: 767px){.kb-row-layout-id10_2b3e5f-ac > .kt-row-column-wrap > div:not(.added-for-specificity){grid-column:initial;}.kb-row-layout-id10_2b3e5f-ac > .kt-row-column-wrap{grid-template-columns:minmax(0, 1fr);}}<\/style><div class=\"kb-row-layout-wrap kb-row-layout-id10_2b3e5f-ac alignnone wp-block-kadence-rowlayout\"><div class=\"kt-row-column-wrap kt-has-3-columns kt-row-layout-equal kt-tab-layout-inherit kt-mobile-layout-row kt-row-valign-top\">\n<style>.kadence-column10_94b8d4-25 > .kt-inside-inner-col,.kadence-column10_94b8d4-25 > .kt-inside-inner-col:before{border-top-left-radius:0px;border-top-right-radius:0px;border-bottom-right-radius:0px;border-bottom-left-radius:0px;}.kadence-column10_94b8d4-25 > .kt-inside-inner-col{column-gap:var(--global-kb-gap-sm, 1rem);}.kadence-column10_94b8d4-25 > .kt-inside-inner-col{flex-direction:column;}.kadence-column10_94b8d4-25 > .kt-inside-inner-col > .aligncenter{width:100%;}.kadence-column10_94b8d4-25 > .kt-inside-inner-col:before{opacity:0.3;}.kadence-column10_94b8d4-25{position:relative;}@media all and (max-width: 1024px){.kadence-column10_94b8d4-25 > .kt-inside-inner-col{flex-direction:column;justify-content:center;}}@media all and (max-width: 767px){.kadence-column10_94b8d4-25 > .kt-inside-inner-col{flex-direction:column;justify-content:center;}}<\/style>\n<div class=\"wp-block-kadence-column kadence-column10_94b8d4-25\"><div class=\"kt-inside-inner-col\">\n<h4 class=\"wp-block-heading has-text-align-center\">Fichiers num\u00e9riques <\/h4>\n<\/div><\/div>\n\n\n<style>.kadence-column10_bae773-44 > .kt-inside-inner-col,.kadence-column10_bae773-44 > .kt-inside-inner-col:before{border-top-left-radius:0px;border-top-right-radius:0px;border-bottom-right-radius:0px;border-bottom-left-radius:0px;}.kadence-column10_bae773-44 > .kt-inside-inner-col{column-gap:var(--global-kb-gap-sm, 1rem);}.kadence-column10_bae773-44 > .kt-inside-inner-col{flex-direction:column;}.kadence-column10_bae773-44 > .kt-inside-inner-col > .aligncenter{width:100%;}.kadence-column10_bae773-44 > .kt-inside-inner-col:before{opacity:0.3;}.kadence-column10_bae773-44{position:relative;}@media all and (max-width: 1024px){.kadence-column10_bae773-44 > .kt-inside-inner-col{flex-direction:column;justify-content:center;}}@media all and (max-width: 767px){.kadence-column10_bae773-44 > .kt-inside-inner-col{flex-direction:column;justify-content:center;}}<\/style>\n<div class=\"wp-block-kadence-column kadence-column10_bae773-44\"><div class=\"kt-inside-inner-col\">\n<h4 class=\"wp-block-heading has-text-align-center\">Toile imprim\u00e9e plusieurs formats<\/h4>\n<\/div><\/div>\n\n\n<style>.kadence-column10_1640e1-17 > .kt-inside-inner-col,.kadence-column10_1640e1-17 > .kt-inside-inner-col:before{border-top-left-radius:0px;border-top-right-radius:0px;border-bottom-right-radius:0px;border-bottom-left-radius:0px;}.kadence-column10_1640e1-17 > .kt-inside-inner-col{column-gap:var(--global-kb-gap-sm, 1rem);}.kadence-column10_1640e1-17 > .kt-inside-inner-col{flex-direction:column;}.kadence-column10_1640e1-17 > .kt-inside-inner-col > .aligncenter{width:100%;}.kadence-column10_1640e1-17 > .kt-inside-inner-col:before{opacity:0.3;}.kadence-column10_1640e1-17{position:relative;}@media all and (max-width: 1024px){.kadence-column10_1640e1-17 > .kt-inside-inner-col{flex-direction:column;justify-content:center;}}@media all and (max-width: 767px){.kadence-column10_1640e1-17 > .kt-inside-inner-col{flex-direction:column;justify-content:center;}}<\/style>\n<div class=\"wp-block-kadence-column kadence-column10_1640e1-17\"><div class=\"kt-inside-inner-col\">\n<h4 class=\"wp-block-heading has-text-align-center\">Toile unique sign\u00e9e<\/h4>\n<\/div><\/div>\n\n\n<style>.kadence-column10_bfc041-ce > .kt-inside-inner-col,.kadence-column10_bfc041-ce > .kt-inside-inner-col:before{border-top-left-radius:0px;border-top-right-radius:0px;border-bottom-right-radius:0px;border-bottom-left-radius:0px;}.kadence-column10_bfc041-ce > .kt-inside-inner-col{column-gap:var(--global-kb-gap-sm, 1rem);}.kadence-column10_bfc041-ce > .kt-inside-inner-col{flex-direction:column;}.kadence-column10_bfc041-ce > .kt-inside-inner-col > .aligncenter{width:100%;}.kadence-column10_bfc041-ce > .kt-inside-inner-col:before{opacity:0.3;}.kadence-column10_bfc041-ce{position:relative;}@media all and (max-width: 1024px){.kadence-column10_bfc041-ce > .kt-inside-inner-col{flex-direction:column;justify-content:center;}}@media all and (max-width: 767px){.kadence-column10_bfc041-ce > .kt-inside-inner-col{flex-direction:column;justify-content:center;}}<\/style>\n<div class=\"wp-block-kadence-column kadence-column10_bfc041-ce\"><div class=\"kt-inside-inner-col\"><div class=\"wp-block-image\">\n<figure class=\"aligncenter size-full is-resized\"><img loading=\"lazy\" decoding=\"async\" width=\"512\" height=\"512\" src=\"http:\/\/imprimer.art.kattnig-peintures.fr\/wp-content\/uploads\/2025\/03\/Fichier.jpg\" alt=\"\" class=\"wp-image-76\" style=\"width:96px;height:auto\" srcset=\"https:\/\/imprimer.art.kattnig-peintures.fr\/wp-content\/uploads\/2025\/03\/Fichier.jpg 512w, https:\/\/imprimer.art.kattnig-peintures.fr\/wp-content\/uploads\/2025\/03\/Fichier-150x150.jpg 150w, https:\/\/imprimer.art.kattnig-peintures.fr\/wp-content\/uploads\/2025\/03\/Fichier-100x100.jpg 100w, https:\/\/imprimer.art.kattnig-peintures.fr\/wp-content\/uploads\/2025\/03\/Fichier-400x400.jpg 400w, https:\/\/imprimer.art.kattnig-peintures.fr\/wp-content\/uploads\/2025\/03\/Fichier-300x300.jpg 300w\" sizes=\"auto, (max-width: 512px) 100vw, 512px\" \/><\/figure>\n<\/div><\/div><\/div>\n\n\n<style>.kadence-column10_e5c16a-bb > .kt-inside-inner-col,.kadence-column10_e5c16a-bb > .kt-inside-inner-col:before{border-top-left-radius:0px;border-top-right-radius:0px;border-bottom-right-radius:0px;border-bottom-left-radius:0px;}.kadence-column10_e5c16a-bb > .kt-inside-inner-col{column-gap:var(--global-kb-gap-sm, 1rem);}.kadence-column10_e5c16a-bb > .kt-inside-inner-col{flex-direction:column;}.kadence-column10_e5c16a-bb > .kt-inside-inner-col > .aligncenter{width:100%;}.kadence-column10_e5c16a-bb > .kt-inside-inner-col:before{opacity:0.3;}.kadence-column10_e5c16a-bb{position:relative;}@media all and (max-width: 1024px){.kadence-column10_e5c16a-bb > .kt-inside-inner-col{flex-direction:column;justify-content:center;}}@media all and (max-width: 767px){.kadence-column10_e5c16a-bb > .kt-inside-inner-col{flex-direction:column;justify-content:center;}}<\/style>\n<div class=\"wp-block-kadence-column kadence-column10_e5c16a-bb\"><div class=\"kt-inside-inner-col\"><div class=\"wp-block-image\">\n<figure class=\"aligncenter size-full is-resized\"><img loading=\"lazy\" decoding=\"async\" width=\"512\" height=\"512\" src=\"http:\/\/imprimer.art.kattnig-peintures.fr\/wp-content\/uploads\/2025\/03\/Toiles-series.png\" alt=\"\" class=\"wp-image-78\" style=\"width:96px;height:auto\" srcset=\"https:\/\/imprimer.art.kattnig-peintures.fr\/wp-content\/uploads\/2025\/03\/Toiles-series.png 512w, https:\/\/imprimer.art.kattnig-peintures.fr\/wp-content\/uploads\/2025\/03\/Toiles-series-150x150.png 150w, https:\/\/imprimer.art.kattnig-peintures.fr\/wp-content\/uploads\/2025\/03\/Toiles-series-100x100.png 100w, https:\/\/imprimer.art.kattnig-peintures.fr\/wp-content\/uploads\/2025\/03\/Toiles-series-400x400.png 400w, https:\/\/imprimer.art.kattnig-peintures.fr\/wp-content\/uploads\/2025\/03\/Toiles-series-300x300.png 300w\" sizes=\"auto, (max-width: 512px) 100vw, 512px\" \/><\/figure>\n<\/div><\/div><\/div>\n\n\n<style>.kadence-column10_0d4907-50 > .kt-inside-inner-col,.kadence-column10_0d4907-50 > .kt-inside-inner-col:before{border-top-left-radius:0px;border-top-right-radius:0px;border-bottom-right-radius:0px;border-bottom-left-radius:0px;}.kadence-column10_0d4907-50 > .kt-inside-inner-col{column-gap:var(--global-kb-gap-sm, 1rem);}.kadence-column10_0d4907-50 > .kt-inside-inner-col{flex-direction:column;}.kadence-column10_0d4907-50 > .kt-inside-inner-col > .aligncenter{width:100%;}.kadence-column10_0d4907-50 > .kt-inside-inner-col:before{opacity:0.3;}.kadence-column10_0d4907-50{position:relative;}@media all and (max-width: 1024px){.kadence-column10_0d4907-50 > .kt-inside-inner-col{flex-direction:column;justify-content:center;}}@media all and (max-width: 767px){.kadence-column10_0d4907-50 > .kt-inside-inner-col{flex-direction:column;justify-content:center;}}<\/style>\n<div class=\"wp-block-kadence-column kadence-column10_0d4907-50\"><div class=\"kt-inside-inner-col\"><div class=\"wp-block-image\">\n<figure class=\"aligncenter size-full is-resized\"><img loading=\"lazy\" decoding=\"async\" width=\"512\" height=\"512\" src=\"http:\/\/imprimer.art.kattnig-peintures.fr\/wp-content\/uploads\/2025\/03\/Tolel-unique-signee.png\" alt=\"\" class=\"wp-image-77\" style=\"width:96px;height:auto\" srcset=\"https:\/\/imprimer.art.kattnig-peintures.fr\/wp-content\/uploads\/2025\/03\/Tolel-unique-signee.png 512w, https:\/\/imprimer.art.kattnig-peintures.fr\/wp-content\/uploads\/2025\/03\/Tolel-unique-signee-150x150.png 150w, https:\/\/imprimer.art.kattnig-peintures.fr\/wp-content\/uploads\/2025\/03\/Tolel-unique-signee-100x100.png 100w, https:\/\/imprimer.art.kattnig-peintures.fr\/wp-content\/uploads\/2025\/03\/Tolel-unique-signee-400x400.png 400w, https:\/\/imprimer.art.kattnig-peintures.fr\/wp-content\/uploads\/2025\/03\/Tolel-unique-signee-300x300.png 300w\" sizes=\"auto, (max-width: 512px) 100vw, 512px\" \/><\/figure>\n<\/div><\/div><\/div>\n\n<\/div><\/div>\n\n\n<p class=\"has-text-align-center has-theme-palette-1-color has-text-color has-link-color has-large-font-size wp-elements-a14091cd7f9646faa6af8409687b9c29\">Participez \u00e0 la sauvegarde du Koala en achetant un fichier<\/p>\n\n\n<div class=\"wp-block-image is-style-default\">\n<figure class=\"aligncenter size-medium\"><a href=\"https:\/\/imprimer.art.kattnig-peintures.fr\/index.php\/produit\/collection-de-koalas\/\"><img loading=\"lazy\" decoding=\"async\" width=\"265\" height=\"300\" src=\"https:\/\/imprimer.art.kattnig-peintures.fr\/wp-content\/uploads\/2025\/03\/Koala-photo-265x300.jpg\" alt=\"Koala collection\" class=\"wp-image-255\" srcset=\"https:\/\/imprimer.art.kattnig-peintures.fr\/wp-content\/uploads\/2025\/03\/Koala-photo-265x300.jpg 265w, https:\/\/imprimer.art.kattnig-peintures.fr\/wp-content\/uploads\/2025\/03\/Koala-photo-400x452.jpg 400w, https:\/\/imprimer.art.kattnig-peintures.fr\/wp-content\/uploads\/2025\/03\/Koala-photo.jpg 460w\" sizes=\"auto, (max-width: 265px) 100vw, 265px\" \/><\/a><figcaption class=\"wp-element-caption\">Aidez-moi<\/figcaption><\/figure>\n<\/div>\n\n","protected":false},"excerpt":{"rendered":"<p>Impression num\u00e9rique d&rsquo;oeuvre d&rsquo;art sur toile. Naviguer sur le site et d\u00e9couvrez l&rsquo;univers de cr\u00e9ation de Bruno Kattnig au travers de ses oeuvres num\u00e9riques qui ouvrent un large champs d&rsquo;expression, faites des choix qui vous ouvrent la voie vers l\u2019extraordinaire, exigeant cr\u00e9ativit\u00e9, curiosit\u00e9 et courage pour un parcours de vie vraiment gratifiant. Impression sur toile&#8230;<\/p>\n","protected":false},"author":1,"featured_media":255,"parent":0,"menu_order":0,"comment_status":"closed","ping_status":"closed","template":"","meta":{"_kad_post_transparent":"default","_kad_post_title":"hide","_kad_post_layout":"normal","_kad_post_sidebar_id":"","_kad_post_content_style":"unboxed","_kad_post_vertical_padding":"default","_kad_post_feature":"default","_kad_post_feature_position":"","_kad_post_header":false,"_kad_post_footer":false,"footnotes":""},"class_list":["post-10","page","type-page","status-publish","has-post-thumbnail","hentry"],"_links":{"self":[{"href":"https:\/\/imprimer.art.kattnig-peintures.fr\/index.php\/wp-json\/wp\/v2\/pages\/10","targetHints":{"allow":["GET"]}}],"collection":[{"href":"https:\/\/imprimer.art.kattnig-peintures.fr\/index.php\/wp-json\/wp\/v2\/pages"}],"about":[{"href":"https:\/\/imprimer.art.kattnig-peintures.fr\/index.php\/wp-json\/wp\/v2\/types\/page"}],"author":[{"embeddable":true,"href":"https:\/\/imprimer.art.kattnig-peintures.fr\/index.php\/wp-json\/wp\/v2\/users\/1"}],"replies":[{"embeddable":true,"href":"https:\/\/imprimer.art.kattnig-peintures.fr\/index.php\/wp-json\/wp\/v2\/comments?post=10"}],"version-history":[{"count":76,"href":"https:\/\/imprimer.art.kattnig-peintures.fr\/index.php\/wp-json\/wp\/v2\/pages\/10\/revisions"}],"predecessor-version":[{"id":385,"href":"https:\/\/imprimer.art.kattnig-peintures.fr\/index.php\/wp-json\/wp\/v2\/pages\/10\/revisions\/385"}],"wp:featuredmedia":[{"embeddable":true,"href":"https:\/\/imprimer.art.kattnig-peintures.fr\/index.php\/wp-json\/wp\/v2\/media\/255"}],"wp:attachment":[{"href":"https:\/\/imprimer.art.kattnig-peintures.fr\/index.php\/wp-json\/wp\/v2\/media?parent=10"}],"curies":[{"name":"wp","href":"https:\/\/api.w.org\/{rel}","templated":true}]}}